{"id":2572,"date":"2024-01-02T09:08:54","date_gmt":"2024-01-02T09:08:54","guid":{"rendered":"https:\/\/www.michalkozdroj.pl\/?page_id=2572"},"modified":"2024-02-11T23:41:16","modified_gmt":"2024-02-11T23:41:16","slug":"oferta","status":"publish","type":"page","link":"https:\/\/www.michalkozdroj.pl\/index.php\/oferta\/","title":{"rendered":"Oferta"},"content":{"rendered":"\t\t<div data-elementor-type=\"wp-page\" data-elementor-id=\"2572\" class=\"elementor elementor-2572\">\n\t\t\t\t\t\t<section class=\"penci-section penci-disSticky penci-structure-10 elementor-section elementor-top-section elementor-element elementor-element-22b9b190 elementor-section-boxed elementor-section-height-default elementor-section-height-default\" data-id=\"22b9b190\" data-element_type=\"section\" data-e-type=\"section\">\n\t\t\t\t\t\t<div class=\"elementor-container elementor-column-gap-default\">\n\t\t\t\t\t<div class=\"penci-ercol-100 penci-ercol-order-1 penci-sticky-ct    elementor-column elementor-col-100 elementor-top-column elementor-element elementor-element-3ba5aee9\" data-id=\"3ba5aee9\" data-element_type=\"column\" data-e-type=\"column\">\n\t\t\t<div class=\"elementor-widget-wrap elementor-element-populated\">\n\t\t\t\t\t\t<div class=\"elementor-element elementor-element-41d32fb1 elementor-widget elementor-widget-text-editor\" data-id=\"41d32fb1\" data-element_type=\"widget\" data-e-type=\"widget\" data-widget_type=\"text-editor.default\">\n\t\t\t\t<div class=\"elementor-widget-container\">\n\t\t\t\t\t\t\t\t\t<p><\/p>\n<p>Posiadam 15 lat do\u015bwiadczenia w bran\u017cy nieruchomo\u015bci gruntowych oraz przemys\u0142owych.<\/p>\n<p><\/p>\n<p><\/p>\n<p>W trakcie mojej kariery zawodowej pracowa\u0142em dla biur in\u017cynieryjnych, generalnych wykonawc\u00f3w oraz deweloper\u00f3w. Realizowa\u0142em projekty w Polsce i Europie o powierzchniach od 6.000 m2 do 125.500 m2.<\/p>\n<p><\/p>\n<p><\/p>\n<p>Dzi\u0119ki mojemu, bogatemu do\u015bwiadczeniu zawodowemu oraz znajomo\u015bci rynku, pomaga\u0142em firmom z sektora logistyki i produkcji w sprawnym przej\u015bciu przez wszystkie etapy procesu rozwoju i wynajmu.<\/p>\n<p><\/p>\n<p><\/p>\n<h1 class=\"wp-block-heading\">Zakres us\u0142ug<\/h1>\n<p><\/p>\n<p><\/p>\n<h4 class=\"wp-block-heading\">Land Development<\/h4>\n<p><\/p>\n<p><\/p>\n<p>Przeprowadzi\u0142em transakcje przygotowania oraz zakupu oko\u0142o 200ha grunt\u00f3w pod inwestycje logistyczne i produkcyjne. Zar\u00f3wno projekty BTS jak i multitenant w ca\u0142ej Polsce.<\/p>\n<h4 style=\"font-weight: var(--pchead-wei); font-family: var(--pchead-font); letter-spacing: normal;\">Project Management<\/h4>\n<div>\n<p>Realizowa\u0142em projekty w Polsce i Europie o powierzchniach od 6.000 m2 do 125.500 m2 jak Project Manager, podczas kt\u00f3rych by\u0142em odpowiedzialny za realizacj\u0119 hramonogramu oraz bud\u017cetu uzgodnionego z inwestorami.<\/p>\n<\/div>\n<h4 style=\"font-weight: var(--pchead-wei); font-family: var(--pchead-font); letter-spacing: normal;\">Business Development<\/h4>\n<div>Jako Business Development Manager podpisa\u0142em umowy najmu oraz&nbsp;przekaza\u0142em powierzchnie najemcom w projektach na \u0142\u0105czn\u0105 powierzchni\u0119 oko\u0142o 1 milion metr\u00f3w kwadratowych.<\/div>\n<p><\/p>\n<p><!-- \/wp:list --><\/p>\n<p><!-- wp:heading --><\/p>\n<h2>Um\u00f3w spotkanie:<\/h2>\n<p><!-- \/wp:heading --><\/p>\t\t\t\t\t\t\t\t<\/div>\n\t\t\t\t<\/div>\n\t\t\t\t<div class=\"elementor-element elementor-element-97ba5d3 elementor-widget__width-initial elementor-widget elementor-widget-html\" data-id=\"97ba5d3\" data-element_type=\"widget\" data-e-type=\"widget\" data-widget_type=\"html.default\">\n\t\t\t\t<div class=\"elementor-widget-container\">\n\t\t\t\t\t<!-- Calendly inline widget begin -->\n<div class=\"calendly-inline-widget\" data-url=\"https:\/\/calendly.com\/michal-kozdroj\/30min\" style=\"min-width:320px;height:700px;\"><\/div>\n<script type=\"text\/javascript\" src=\"https:\/\/assets.calendly.com\/assets\/external\/widget.js\" async><\/script>\n<!-- Calendly inline widget end -->\t\t\t\t<\/div>\n\t\t\t\t<\/div>\n\t\t\t\t<div class=\"elementor-element elementor-element-75b7226 elementor-widget__width-initial elementor-widget elementor-widget-heading\" data-id=\"75b7226\" data-element_type=\"widget\" data-e-type=\"widget\" data-widget_type=\"heading.default\">\n\t\t\t\t<div class=\"elementor-widget-container\">\n\t\t\t\t\t<h2 class=\"elementor-heading-title elementor-size-default\"><h1 style=\"font-weight: var(--pchead-wei);font-family: var(--pchead-font);letter-spacing: normal\">Zakres us\u0142ug<\/h1><\/h2>\t\t\t\t<\/div>\n\t\t\t\t<\/div>\n\t\t\t\t<div class=\"elementor-element elementor-element-9129a9a elementor-widget elementor-widget-heading\" data-id=\"9129a9a\" data-element_type=\"widget\" data-e-type=\"widget\" data-widget_type=\"heading.default\">\n\t\t\t\t<div class=\"elementor-widget-container\">\n\t\t\t\t\t<h2 class=\"elementor-heading-title elementor-size-default\"><a href=\"http:\/\/www.kursocenydzialek.pl\"><u>Kurs Oceny Dzia\u0142ek<\/u><\/a><\/h2>\t\t\t\t<\/div>\n\t\t\t\t<\/div>\n\t\t\t\t<div class=\"elementor-element elementor-element-c168ab3 elementor-widget elementor-widget-text-editor\" data-id=\"c168ab3\" data-element_type=\"widget\" data-e-type=\"widget\" data-widget_type=\"text-editor.default\">\n\t\t\t\t<div class=\"elementor-widget-container\">\n\t\t\t\t\t\t\t\t\t<p style=\"font-weight: var(--pchead-wei); font-family: var(--pchead-font); letter-spacing: normal;\"><span style=\"background-color: #ffffff; color: inherit; font-family: 'open sans', sans-serif; font-size: 14px; font-weight: 400;\">Dzi\u0119ki kursowi kompleksowo sprawdzisz lokalizacj\u0119 pod wzgl\u0119dem technicznym, w\u0142a\u015bcicielskim oraz sprawdzisz jej zgodno\u015b\u0107 z Twoim zamierzeniem inwestycyjnym.<\/span><\/p>\n<p style=\"font-weight: var(--pchead-wei); font-family: var(--pchead-font); letter-spacing: normal;\"><span style=\"background-color: #ffffff; color: inherit; font-family: 'open sans', sans-serif; font-size: 14px; font-weight: 400;\">Poznasz 11 narz\u0119dzi, dzi\u0119ki kt\u00f3rym sprawdzisz ka\u017cd\u0105 dzia\u0142k\u0119.<\/span><\/p>\n<div>\n<p style=\"margin-bottom: 30px; line-height: 22px; font-family: 'open sans', sans-serif; font-size: 14px; font-weight: 400; text-align: start; background-color: #fffff;\">Dzi\u0119ki temu kursowi znajdziesz i opracujesz dzia\u0142ki do flipowania, generuj\u0105c dla nich warto\u015b\u0107 dodan\u0105<\/p>\n<\/div>\t\t\t\t\t\t\t\t<\/div>\n\t\t\t\t<\/div>\n\t\t\t\t\t<\/div>\n\t\t<\/div>\n\t\t\t\t\t<\/div>\n\t\t<\/section>\n\t\t\t\t<\/div>\n\t\t","protected":false},"excerpt":{"rendered":"<p>Posiadam 15 lat do\u015bwiadczenia w bran\u017cy nieruchomo\u015bci gruntowych oraz przemys\u0142owych. W trakcie mojej kariery zawodowej pracowa\u0142em dla biur in\u017cynieryjnych, generalnych wykonawc\u00f3w oraz deweloper\u00f3w. Realizowa\u0142em projekty w Polsce i Europie o&hellip;<\/p>\n","protected":false},"author":2,"featured_media":0,"parent":0,"menu_order":0,"comment_status":"closed","ping_status":"closed","template":"page-sidebar.php","meta":{"om_disable_all_campaigns":false,"_monsterinsights_skip_tracking":false,"_monsterinsights_sitenote_active":false,"_monsterinsights_sitenote_note":"","_monsterinsights_sitenote_category":0,"footnotes":""},"class_list":["post-2572","page","type-page","status-publish","hentry"],"aioseo_notices":[],"_links":{"self":[{"href":"https:\/\/www.michalkozdroj.pl\/index.php\/wp-json\/wp\/v2\/pages\/2572","targetHints":{"allow":["GET"]}}],"collection":[{"href":"https:\/\/www.michalkozdroj.pl\/index.php\/wp-json\/wp\/v2\/pages"}],"about":[{"href":"https:\/\/www.michalkozdroj.pl\/index.php\/wp-json\/wp\/v2\/types\/page"}],"author":[{"embeddable":true,"href":"https:\/\/www.michalkozdroj.pl\/index.php\/wp-json\/wp\/v2\/users\/2"}],"replies":[{"embeddable":true,"href":"https:\/\/www.michalkozdroj.pl\/index.php\/wp-json\/wp\/v2\/comments?post=2572"}],"version-history":[{"count":37,"href":"https:\/\/www.michalkozdroj.pl\/index.php\/wp-json\/wp\/v2\/pages\/2572\/revisions"}],"predecessor-version":[{"id":2651,"href":"https:\/\/www.michalkozdroj.pl\/index.php\/wp-json\/wp\/v2\/pages\/2572\/revisions\/2651"}],"wp:attachment":[{"href":"https:\/\/www.michalkozdroj.pl\/index.php\/wp-json\/wp\/v2\/media?parent=2572"}],"curies":[{"name":"wp","href":"https:\/\/api.w.org\/{rel}","templated":true}]}}